be f(x). What is the units digit of s + 0/(-1 - 2)?
4
Suppose 0 = -4*k - 3*t + 2*t + 1316, 2*t + 987 = 3*k. What is the units digit of k?
9
Suppose -21 = 5*j + 59. Let p = j - -20. Suppose -p*z + 27 = -z. What is the units digit of z?
9
Let y = 1661 + -553. What is the tens digit of y?
0
Let v(q) = q**2 - q + 15. Let m be v(0). Suppose 0*x - 45 = -5*z + 5*x, -5*x - m = -2*z. What is the tens digit of z?
1
Suppose -4*t = -b - 1993, -468 - 2042 = -5*t - 5*b. What is the units digit of t?
9
Suppose -6*m + 10 = -m. Suppose -53 = -5*w + m*x, -x - 50 = -5*w + 4*x. What is the units digit of w?
1
Suppose 0 = -4*u + u - 51. Let p = u + 34. Let s = p - -9. What is the units digit of s?
6
Let f(m) = m**3 - 6*m**2 - 14*m - 10. Let a be f(8). Let z(c) = -86*c - 1. Let h be z(-1). Suppose -a*i = -i - h. What is the tens digit of i?
1
Suppose -59 + 35 = -4*r. Suppose -301 = -o - r*o. What is the tens digit of o?
4
Suppose 0 = 25*a - 26*a + 1, -5*a + 2433 = 2*u. What is the hundreds digit of u?
2
What is the thousands digit of 6/42 - (-101628)/84?
1
Suppose r + 988 = 4*z, -3*r - 12 = -0*r. What is the hundreds digit of z?
2
Let f = 174 + -101. Suppose 3*n = 0, 2*m - n = 15 + f. What is the units digit of m + -5 + (-4 - -1)?
6
Let g(c) = -c**2 - 28*c - 10. Let p = -15 + -4. What is the units digit of g(p)?
1
Suppose -9*h = -3*h - 6. What is the units digit of 1*(h + (-5)/4)*-436?
9
Suppose 0*y - 5*y - 45 = 0. Let p = y + 18. What is the units digit of p?
9
Let a(t) = 15*t - 21. Let w = -36 + 41. Suppose -w*d = -20 - 10. What is the tens digit of a(d)?
6
Suppose 18 = -n + 20. Suppose 0 = -2*f + p + 367, 3*f + n*f - 923 = -3*p. What is the units digit of f?
4
Suppose 4*n = 3*u - 10300, -15*u = -16*u + 5*n + 3426. What is the units digit of u?
6
Let b be (-4)/((-8)/(-3))*4. Let g be b/45 + (-656)/30. Let y = 52 + g. What is the units digit of y?
0
Suppose -4*v + 80 = v. Suppose -6*q = -2*q - v. Suppose -57 = -m - 0*m - 4*g, 0 = -q*m + 2*g + 138. What is the units digit of m?
7
Suppose 4*i - 20 = 0, -3*q + 3*i + 17 - 74 = 0. What is the units digit of q/(-4)*(2 - -12)?
9
Let h be (-3)/21 + (-484)/(-7). Let l = 206 - h. What is the units digit of l?
7
Let q(s) = s**2 - 6*s - 12. Let w(r) = 5*r + 11. Let y(t) = 2*q(t) + 3*w(t). What is the tens digit of y(-4)?
2
Suppose -4*c - 48 = 40. Let m = c - -31. What is the tens digit of m/(-15) + 78/5?
1
Suppose 2943 = -71*g + 80*g. What is the units digit of g?
7
Suppose 12*y - 370 - 12014 = 0. What is the tens digit of y?
3
Let r be (749/(-14))/(((-2)/2)/(-2)). Let k = -79 - r. What is the units digit of k?
8
Let h(f) = f**3 + 32*f**2 + 11*f - 62. What is the tens digit of h(-31)?
5
Let v(i) = -i**2 + 7*i - 7. Let s(p) = p + 1. Let n be s(4). Let o be v(n). Suppose 0 = -3*r + o. What is the units digit of r?
1
Let k be ((2 - 1) + -2)*(3 + -3). Suppose k = -2*g + 80 + 32. What is the tens digit of g?
5
Suppose -3*r + 447 = -0*r. Suppose -r = -3*o + 31. Suppose 3*v - o = v + 2*u, 2*u = 4*v - 122. What is the tens digit of v?
3
Suppose 12 - 2 = 5*f. Suppose -v + 23 = v + s, 4*v = f*s + 26. What is the units digit of v?
9
Suppose 35 = 2*t - 5*b, 5*t + 5*b - 35 = -0*t. Suppose 18*l - 632 = t*l. What is the units digit of l?
9
Let s(c) = c**3 + 20*c**2 + 22*c - 14. What is the hundreds digit of s(-17)?
4
Let d(v) = v**3 - 7*v**2 + 2*v + 8. Let p be d(6). Let c be (p/(-10))/((-4)/(-10)). Suppose -c*r = -r - 117. What is the tens digit of r?
3
Let r be -53*10/4*(-8)/(-10). Let l = r - -129. What is the units digit of l?
3
Let f = 2 - -4. Let v be f/(-1)*3/2. Let s(t) = t**3 + 9*t**2 - 2*t + 10. What is the tens digit of s(v)?
2
Let s(q) = 16*q**3 + 3*q**2 - 17*q - 3. What is the units digit of s(4)?
1
Suppose g - 5 = 2*j, 5*j - 1 = -2*g - 0. Suppose 0 = -g*a - 2*m + 518, -a - 5*m + 2*m + 175 = 0. What is the units digit of a?
2
Suppose -x = -5*x - 8. Let s be ((-4)/x)/1 + 66. Suppose -2*v + 4*v - s = 0. What is the units digit of v?
4
What is the units digit of 26/(-16) - -2 - 58730/(-16)?
1
Let c(m) = m**2 + m. Let i be c(-2). Suppose 2*w - 12 = -i*w. Suppose -4*n + x + 15 = -100, -w*n = 3*x - 105. What is the units digit of n?
0
Let i = -39 - -45. Suppose 828 = i*b - 2*b. What is the tens digit of b?
0
Let s be (-2)/6 - ((-20)/6 + -1). Suppose -3*q = s*g - 4*q - 175, -218 = -5*g + q. What is the units digit of g?
3
Let f(u) = -3*u**3 + u**2 - u - 5. Let i be f(-3). Suppose -3*o = o - i. What is the units digit of o?
2
Let h(a) = -a**3 + 2*a**2 + 4*a. Let c be h(3). Let s(b) = 2*b**2 - 3*b - 1. Let q be s(c). Let w = 13 + q. What is the tens digit of w?
2
Let d = 9 + -2. Let w(z) = z**2 - 12*z + 9. Let c be w(d). Let v = -9 - c. What is the tens digit of v?
1
Suppose -h - 4*l + 322 = 0, -2*l = 3*h - 5*l - 936. What is the units digit of h?
4
Let d = -21 - -16. Let c be (-550)/(-15) - (-2)/(-3). What is the units digit of c/45 + (-1)/d?
1
Suppose -18845 = -28*g + 19487. What is the tens digit of g?
6
Let g(h) = 19*h + 5. Let b(p) = p**3 - 15*p**2 - 16*p + 18. Let l be b(16). Suppose 5*a - 2*t - 23 = 0, -t = -2*a + 2*t + l. What is the units digit of g(a)?
2
What is the hundreds digit of ((-2)/8*2)/((-5)/4700)?
4
Let t(p) = p**2 - p. Let b(v) = -13*v**2 - 9*v - 4. Let r(h) = -b(h) + 6*t(h). What is the units digit of r(-3)?
6
Suppose -m + 889 = g, 4*g - 879 = 3*g - 3*m. What is the hundreds digit of g?
8
Let g be (-20)/(-50)*(-2 - (-1 - 206)). Let q = -8 + g. What is the tens digit of q?
7
Let w(m) = m**3 - 12*m**2 - 29*m + 6. What is the tens digit of w(16)?
6
Suppose -4*k = -26 + 6. Suppose 5*o + k*w + 290 = 0, 192 = -4*o + 3*w + w. Let h = 74 + o. What is the tens digit of h?
2
Let n(a) = -22*a + 152. What is the hundreds digit of n(-15)?
4
Let r be ((-3)/4)/((-18)/72). Suppose v + 29 = -4*a, -4*v + r*a - 211 = -0*a. Let x = v + 86. What is the tens digit of x?
3
Suppose -4*j - 45 - 11 = 0. Let c be (-2)/j - 296/14. Let l = c + 45. What is the units digit of l?
4
Let c(p) = -19 - 3*p**2 + 10*p - 4*p**2 + 6*p**2 + 9*p. What is the tens digit of c(17)?
1
Suppose 10*s - 765 = 5*s. Suppose -3*b = g - 0*g - s, 2*b = 2. What is the tens digit of g?
5
Suppose 0 = -3*z - g + 35, 5*g - 19 = -3*z - 0*z. Let i = z - 10. Suppose -i*a - 3*a + 12 = 0. What is the units digit of a?
2
Suppose -4*b + 0*b = 0. Suppose -3*g + 23 + 1 = b. What is the tens digit of -8*((-6)/g - 1)?
1
Let z be 12/8 + (-1143)/(-6). Let b = -91 + z. What is the hundreds digit of b?
1
Let y(c) = -3*c**3 + 13*c**2 - c - 127. What is the tens digit of y(-9)?
2
Suppose 2*u + 3*a - 2206 = 0, 8*u - 5*a - 3309 = 5*u. What is the units digit of u?
3
Suppose 2*r + 186 = -v + 6*v, 0 = -3*r - 9. What is the tens digit of v?
3
Suppose 46*m + 2*b = 45*m + 1551, -b = 3*m - 4668. What is the thousands digit of m?
1
Let h = 3255 - 1295. What is the tens digit of h?
6
Let v be -1 + -1 - 84/(-14). Suppose 0 = v*l, t + 2*l = -0*t. What is the units digit of t/(-3 - 0) + 2?
2
Let d = 10 + -6. Suppose -k = 13 + d. Let n = k - -44. What is the units digit of n?
7
Let s(a) be the second derivative of 1/12*a**4 - 9*a**2 - 5/3*a**3 + 0 + 9*a. What is the tens digit of s(13)?
2
Suppose f - 5*f + 1108 = -4*t, 3*t = -15. What is the tens digit of f?
7
Let n = 32 - -145. Suppose n + 128 = 5*x. What is the units digit of x?
1
Let w(n) = 11*n**2 + 17*n - 9 + n**2 - 3*n**3 + 2*n**3 + n. Let q = 19 - 6. What is the units digit of w(q)?
6
What is the hundreds digit of 1/6 - (-99943)/102?
9
Let i(l) = 34*l - 45. Let c(p) = -69*p + 91. Let w(s) = -3*c(s) - 5*i(s). Let f(u) = 9*u - 12. Let n(b) = 9*f(b) - 2*w(b). What is the units digit of n(7)?
7
Let d(q) = q**2 - 11*q. Let z be d(11). Suppose -f + 2*v - 3*v = z, -2*f + 3*v = -10. Suppose -f*y = -0*y - 4. What is the units digit of y?
2
Let l(v) be the second derivative of -v**5/20 - v**4/12 + v**3/6 + 21*v**2 + v. Let c = -167 - -167. What is the tens digit of l(c)?
4
Let r = -6 - 0. Suppose -76 = 5*s - 6. What is the tens digit of r/21 + (-844)/s?
6
Let f = 6 + -3. Suppose -4*g - 72 = f*s, -5*g + 32 = s + 111. What is the tens digit of 14/(g/4 - -4)?
5
Let a = 608 - -490. What is the units digit of a?
8
What is the hundreds digit of (10044/144)/((-15)/(-1220))?
6
Let q = -543 - -1405. What is the hundreds digit of q?
8
Let c(j) = 12*j. Let b be c